*3 - 39*c**2 - 204*c - 112. Determine d(24).
176
Let g(p) = -5188*p - 20668. Determine g(-4).
84
Let s(d) = 9*d**2 + 359*d - 25665. Calculate s(37).
-61
Let l(x) = -8*x**3 - 4521*x**2 + 8506*x + 543. What is l(-567)?
-24
Let r(g) = -g**3 + 17*g**2 - 1410*g - 5992. Determine r(-4).
-16
Let s(k) = -k**2 + 32*k + 380. What is s(40)?
60
Let b(q) = 7*q**3 - 6*q**2 - 25*q + 21. Give b(-7).
-2499
Let h(l) = 258*l + 3099. Give h(-8).
1035
Let g(y) = 45*y**2 - 212*y - 642. Calculate g(-3).
399
Let f(m) = -472*m + 86173. What is f(182)?
269
Let m(r) = -6*r**3 - 1614*r**2 - 1605*r + 653. What is m(-268)?
-151
Let o(x) = 18*x**2 + 180*x + 1262. What is o(-15)?
2612
Let f(x) = 3667*x - 17244. Determine f(5).
1091
Let y(u) = -2502*u - 100475. Calculate y(-40).
-395
Let p(o) = 29*o**2 - 439*o + 67. Give p(15).
7
Let s(z) = -451*z - 2054. What is s(-5)?
201
Let c(z) = -3026*z + 8903. Determine c(3).
-175
Let w(b) = -2*b**3 + 86*b**2 + 39*b + 6513. What is w(45)?
168
Let d(l) = 954*l - 17160. What is d(18)?
12
Let n(d) = 4649*d + 1737. Give n(0).
1737
Let t(m) = -17*m**2 - 442*m + 144. Calculate t(-26).
144
Let p(n) = 1444*n - 118292. Calculate p(82).
116
Let o(l) = -4*l**2 - 231*l - 1882. Calculate o(-48).
-10
Let i(p) = -3589*p + 323048. Calculate i(90).
38
Let q(l) = 47192*l - 3492151. Determine q(74).
57
Let h(b) = -1030*b + 3241. Calculate h(4).
-879
Let g(v) = -v**3 + 65*v**2 - 24*v + 1620. Calculate g(64).
4180
Let g(y) = -619*y**2 + 21037*y - 21. Determine g(34).
-327
Let g(r) = -15*r**3 + 714*r**2 - 1688*r - 3009. Determine g(45).
6
Let f(t) = 18178*t + 218128. Give f(-12).
-8
Let k(f) = -f**2 + 18*f - 9. Give k(18).
-9
Let y(m) = -m**2 - 110881*m + 665315. Determine y(6).
-7
Let x(l) = 545*l - 619. What is x(1)?
-74
Let m(s) = 10667*s + 2880093. What is m(-270)?
3
Let g(q) = 28*q**3 - 1511*q**2 - 87*q + 2. Determine g(54).
-1780
Let y(r) = 6*r**2 + 572*r - 6930. Determine y(12).
798
Let x(r) = r**3 - 37*r**2 - 35*r + 454. What is x(38)?
568
Let g(c) = -7*c**2 + 1466*c - 5806. Give g(4).
-54
Let l(s) = 262*s - 5850. Give l(21).
-348
Let n(s) = 2*s**3 - 398*s**2 + 298*s + 18568. What is n(198)?
-836
Let x(s) = 11689*s + 467604. What is x(-40)?
44
Let f(p) = -p**3 - 4*p**2 - 1443*p + 30599. Calculate f(17).
-1
Let t(l) = 42*l**2 - 4338*l - 26162. Determine t(109).
-2
Let s(i) = -2503*i - 485577. What is s(-194)?
5
Let x(k) = -275580*k - 14330155. Give x(-52).
5
Let v(s) = 5248*s - 1075832. Determine v(205).
8
Let o(f) = 3*f**2 - 706*f - 6547. Give o(-9).
50
Let p(w) = -355*w - 69468. Calculate p(-198).
822
Let x(q) = q**3 - 103*q**2 - 143*q + 151. Give x(104).
-3905
Let h(n) = 4*n**2 + 6220*n + 31154. What is h(-5)?
154
Let x(j) = 2908*j + 569972. What is x(-196)?
4
Let h(k) = -k**2 + 100016*k + 800195. Give h(-8).
3
Let b(d) = -9349*d + 168285. Calculate b(18).
3
Let m(b) = -2268*b + 1170171. Determine m(516).
-117
Let r(i) = -i**3 - 355*i**2 - 18627*i - 696. What is r(-291)?
177
Let n(w) = -44*w**2 + 2788*w + 18311. Calculate n(-6).
-1
Let w(u) = 260*u - 76101. What is w(292)?
-181
Let r(u) = -u**2 - 3150744*u - 12602962. Determine r(-4).
-2
Let q(r) = -19*r**2 - 1263*r + 1974. Calculate q(-68).
2
Let f(s) = -11159*s - 41127. Determine f(-4).
3509
Let b(i) = 411*i**2 + 461*i + 7. What is b(2)?
2573
Let p(v) = v**3 - 221*v**2 - 690*v + 3950. Calculate p(224).
-82
Let r(x) = -x**3 - 13*x**2 - 137*x - 1239. Calculate r(-13).
542
Let z(o) = -2*o**3 + 66*o**2 + 56*o - 2437. Give z(33).
-589
Let m(c) = -6922*c + 1938195. Calculate m(280).
35
Let o(p) = -p**3 + 7*p**2 + 126*p - 979. Give o(7).
-97
Let v(j) = j**2 - 20571*j + 246705. Give v(12).
-3
Let s(q) = q**3 - 75*q**2 - 3371*q - 5655. Calculate s(107).
16
Let v(a) = -23*a**2 + 93*a + 9254. Determine v(-18).
128
Let b(o) = -21*o**2 + 210*o - 517. What is b(6)?
-13
Let t(n) = 38805*n + 310437. Calculate t(-8).
-3
Let f(b) = -2*b**3 + 149*b**2 + 97*b - 1134. Calculate f(75).
516
Let c(y) = 2*y**3 + 78*y**2 + 337*y - 215. Determine c(-36).
-4571
Let u(o) = 2438*o - 73127. Calculate u(30).
13
Let x(m) = -42*m**2 - 250*m - 371. Determine x(-4).
-43
Let l(w) = -w**2 - 131*w + 13302. Calculate l(-200).
-498
Let o(f) = 61*f**2 + 60*f + 20. What is o(0)?
20
Let b(l) = -6*l**3 - 484*l**2 + 79*l - 6752. Determine b(-81).
-29
Let r(v) = v**3 + 58*v**2 + 701*v - 2405. What is r(-23)?
-13
Let b(j) = -j**3 + 14*j**2 + 1505*j - 21010. Calculate b(14).
60
Let v(d) = 362*d - 11027. Give v(30).
-167
Let l(h) = 12*h**2 - 1018*h + 11793. Calculate l(71).
7
Let t(l) = l**2 + 4289*l - 199401. What is t(46)?
9
Let j(m) = -2*m**3 + 19*m**2 - 5857*m + 11649. Calculate j(2).
-5
Let j(f) = 744*f + 314047. What is j(-422)?
79
Let y(q) = 11*q + 749. What is y(-53)?
166
Let n(i) = -i**2 + 33*i + 228. Calculate n(-18).
-690
Let v(a) = -165430*a + 20347886. Determine v(123).
-4
Let x(v) = -v**2 + 76*v + 1057. Give x(85).
292
Let i(u) = -3*u**3 + 473*u**2 - 1693*u - 132. What is i(154)?
22
Let u(x) = -2*x**2 + 900*x - 22956. What is u(27)?
-114
Let c(h) = 1430*h**2 - 8535*h - 276. What is c(6)?
-6
Let m(w) = 378*w - 19899. What is m(53)?
135
Let g(s) = 2*s**3 - 117*s**2 + 670*s - 236. Give g(6).
4
Let y(b) = b**3 - 17*b**2 - 2267*b + 38550. Determine y(17).
11
Let y(w) = w**3 + 624*w**2 + 9719*w - 156. Give y(-16).
-12
Let u(c) = -c**2 + 1257*c - 329723. Determine u(373).
9
Let q(p) = -p**3 - 5*p**2 + 59*p + 328. Give q(-6).
10
Let h(g) = -18800*g - 112889. Give h(-6).
-89
Let z(v) = -v**3 + 100*v**2 - 295*v + 19420. Calculate z(99).
16
Let o(g) = -2*g**3 - 61*g**2 + 3*g - 867. Determine o(-31).
1
Let p(v) = 203*v - 747. Calculate p(6).
471
Let a(m) = m**2 + 833*m + 24119. Determine a(-30).
29
Let l(m) = 185*m + 2766. Determine l(-15).
-9
Let h(t) = -t**2 - 3*t - 9. Determine h(-1).
-7
Let y(a) = -695*a + 4642. Determine y(5).
1167
Let r(d) = 2*d**2 - 12921*d + 1794359. What is r(142)?
-95
Let b(x) = -257*x + 11465. Calculate b(45).
-100
Let g(c) = 2*c**2 - 246*c + 4903. What is g(72)?
-2441
Let v(n) = 10*n**3 + 5*n**2 + 882*n + 5384. What is v(-6)?
-1888
Let c(y) = -2*y**3 - 207*y**2 - 142*y - 436. Give c(-103).
3581
Let z(j) = j**2 + 2962*j - 1923440. Give z(548).
40
Let b(u) = -4*u**2 + 42*u + 246. Give b(-9).
-456
Let g(h) = -h**3 - 131*h**2 + 2017*h - 1654. Determine g(-145).
231
Let y(d) = 29940*d - 19131659. What is y(639)?
1
Let l(q) = -q**3 + 53*q**2 + 1035*q - 33363. Give l(61).
4
Let h(l) = l**3 + 59*l**2 + 108*l - 11234. What is h(-53)?
-104
Let a(g) = 2*g**3 - 9*g**2 + 39*g + 26. Give a(0).
26
Let l(v) = v**3 + 153*v**2 - 76*v - 13441. What is l(-153)?
-1813
Let l(m) = 18*m**3 + 1436*m**2 + 45*m + 29206. Calculate l(-80).
6
Let k(p) = p**3 + 23*p**2 - 81*p + 422. What is k(-27)?
-307
Let b(h) = 24*h**2 - 1511*h + 14676. What is b(12)?
0
Let h(v) = 1474*v**2 + 7181*v - 25. Calculate h(-5).
920
Let s(h) = -8687*h + 217181. What is s(25)?
6
Let f(u) = -u**3 + 91*u**2 + 2216*u + 455. Give f(111).
11
Let b(j) = j**3 + 25*j**2 + 287*j + 5568. Calculate b(-23).
25
Let r(z) = -13464*z - 40411. Give r(-3).
-19
Let j(x) = -2*x**3 + 246*x**2 - 372*x - 13556. Calculate j(121).
-4
Let s(n) = -1728*n + 452746. Calculate s(262).
10
Let p(c) = -c**3 - 182*c**2 + 280*c + 17601. Determine p(-183).
-150
Let c(m) = 55*m - 6094. Calculate c(126).
836
Let s(i) = -i**3 - 32*i**2 + 528*i + 10790. Calculate s(-38).
-610
Let n(x) = x**3 - 774*x**2 + 3097*x - 79. What is n(4)?
-11
Let l(r) = -r**3 - 17*r**2 + 1391*r - 3675. Give l(28).
-7
Let k(b) = -2*b**2 + 346*b - 10260. What is k(38)?
0
Let f(y) = -13373*y - 347704. Calculate f(-26).
-6
Let d(q) = -89422*q + 536534. Determine d(6).
2
Let h(c) = 18*c**3 + 4*c**2 + 1964*c - 1962. Give h(1).
24
Let f(n) = -4*n**2 + 6483*n - 134389. Give f(21).
-10
Let f(t) = -305*t**2 + 3036*t + 164. Determine f(10).
24
Let y(j) = j**3 + 15*j**2 - 1191*j + 459. Determine y(-43).
-100
Let x(u) = u**2 - 1000*u + 178682. Calculate x(233).
-29
Let p(a) = 8*a**3 - 746*a**2 + 922*a - 142. What is p(92)?
42
Let s(a) = -4*a**2 - 706*a + 216361. Give s(-337).
7
Let m(o) = -180670*o + 2168048. Calculate m(12).
8
Let d(s) = -s**2 - 47*s - 586. Determine d(-28).
-54
Let v(b) = -2006*b + 75902. Calculate v(38).
-326
Let y(c) = 859*c - 65414. Give y(76).
-130
Let r(p) = 3649*p + 113091. Give r(-31).
-28
Let w(o) = -2777*o - 1